t h(s) = -7*s + 81. Let i be h(-11). Let v = i - 50. What are the prime factors of v?
2, 3
Suppose -127 = -5*n + 173. Suppose 4*p - 8*p = -n. List the prime factors of 399/p - 2/(-5).
3
Suppose -165 = 5*k - 5815. List the prime factors of k.
2, 5, 113
What are the prime factors of (-35 - -38)*(-1372)/(-6)?
2, 7
Suppose 2*m = f - 1395, 5592 = 4*f - 4*m + 8*m. What are the prime factors of f?
11, 127
Suppose 0 = 3*w + 4*k - 619, -15*w - 219 = -16*w + 5*k. What are the prime factors of w?
11, 19
Let u = -27 - -29. Suppose u*m + 3*m - 130 = 0. Let t = m + -19. What are the prime factors of t?
7
Let b be ((-8)/24)/(2/(-30)). Suppose -2*r - p + 20 = p, r - 34 = b*p. List the prime factors of r.
2, 7
Suppose 2*l - 3*h - 2237 = 564, -7025 = -5*l + 3*h. What are the prime factors of l?
2, 11
Let o = -2 + 15. Let s = o - -10. List the prime factors of s.
23
Suppose 2*m = 3 + 3. What are the prime factors of (1 + 2 + 0)/(m/97)?
97
Let s(h) = h**2 - 4*h - 3. Let r be s(5). Suppose r*w = 3*l + 204, -w - 4*l + l = -120. List the prime factors of w.
2, 3
Suppose 9 = -i - 1. What are the prime factors of 0 + 85 + (-12 - i)?
83
Suppose -508 = 2*y + 3*g, -2*y + 2*g = 6*g + 512. Let t = 354 + y. List the prime factors of t.
2, 53
Suppose 3*j = 5*j + 62. Let p = j - -68. List the prime factors of p.
37
Suppose -3*m + 696 = -3*h, 3*m = 3*h - 8*h + 704. List the prime factors of m.
233
Let f(c) = 5*c - c**2 - 3*c + 2 + 5*c + 2*c**2. Let u be f(-10). Suppose 4*s - 3*s - u = 0. List the prime factors of s.
2
Let g = 667 - 452. Suppose -4*i - 4 + g = -3*q, 0 = -4*q + 12. What are the prime factors of i?
5, 11
Let q(d) = 2*d - 12. Let o be q(-6). Let t = o - -41. What are the prime factors of t?
17
Suppose j = 8 - 0. Suppose 3*c + j = -c, -k + c = -61. What are the prime factors of k?
59
Let f be (200/(-3) - -1)/((-5)/60). Suppose 3*b - 172 = -m, 2*b - f = -5*m + 5*b. List the prime factors of m.
2, 5
Let x(s) = s**3 + 3*s**2 - 1. Let v be x(-1). Let j(a) be the second derivative of 9*a**5/20 + a**3/6 - a**2/2 - 2*a. What are the prime factors of j(v)?
3
Let q be (-4 + 1433 - (2 - 0))/1. Suppose -5*v - 4*u + 1443 = -0*v, -q = -5*v + 4*u. What are the prime factors of v?
7, 41
Let i(f) = 6*f**2 + f - 19. Suppose 2*y + 3*q = -1, 2*y + 6*q = q - 7. What are the prime factors of i(y)?
3
Let g(u) = 3 + 2 - 5 - 3 + 33*u. Let b be g(2). Let v = b - 1. What are the prime factors of v?
2, 31
Let z = 2997 + 153. What are the prime factors of z?
2, 3, 5, 7
Let s(m) = 65*m + 464. List the prime factors of s(24).
2, 11, 23
Let m(w) = -6*w - 12. Let p(s) be the first derivative of s**2 + 3*s + 8. Let j be p(-6). What are the prime factors of m(j)?
2, 3, 7
Let d = 1476 - 700. What are the prime factors of d?
2, 97
Let f = -4229 - -7632. What are the prime factors of f?
41, 83
Suppose 0 = -8*v - 3835 + 13371. What are the prime factors of v?
2, 149
Let q be ((-6)/(-8) + 3)/(6/352). Let t = q + -107. List the prime factors of t.
113
Let p(t) = t**3 + 12*t**2 + 8*t - 30. List the prime factors of p(7).
3, 11, 29
Suppose -5*l - 105 = 5*c, -3*c + 63 = -6*c + 5*l. Suppose -239*r + 248*r = 378. Let z = r + c. List the prime factors of z.
3, 7
Let q = 448 - 206. What are the prime factors of q?
2, 11
Let s(y) = 3*y + 17. Let u be s(-5). Suppose 5*o - 5*m = 465, -u*o + 134 + 49 = -5*m. List the prime factors of o.
2, 47
Let l(j) be the third derivative of -11*j**4/24 - 4*j**3 + 2*j**2 - 64*j. Suppose 8 = -2*w - 6. What are the prime factors of l(w)?
53
Let n = 626 - 407. Let m = n - 143. List the prime factors of m.
2, 19
Let t = 16 - -40. Suppose 2*o = 6*o - t. Suppose -3 + o = x. List the prime factors of x.
11
Suppose -80*a = -60*a - 12300. List the prime factors of a.
3, 5, 41
Suppose 654*c + 3084 = 666*c. List the prime factors of c.
257
Suppose 13*s = 5762 + 3182. What are the prime factors of s?
2, 43
Suppose -5*s - 2*m = -2530, -s + 4*m = s - 1036. What are the prime factors of s?
2, 127
Let y be -2*((-4)/6)/(4/(-2766)). List the prime factors of ((-2)/(-12) - y/12) + -3.
2, 37
List the prime factors of 2603/9 + 5 + (-282)/54.
17
Let f(i) = 432*i**3 + 3*i. What are the prime factors of f(2)?
2, 3, 577
Let i be 0/1 - 1 - 1. What are the prime factors of -17*i/(-8)*-12?
3, 17
Suppose 1824 = 4*y - 18524. List the prime factors of y.
5087
Let i = -106 - -108. Suppose s = 4*m - 300, i = -2*m - 4*s + 152. What are the prime factors of m?
3, 5
Suppose 6 = -2*k, 3*t - 2*t = 3*k + 242. Suppose 2*b - t = 5*s - 16, -b - s = -98. What are the prime factors of b?
101
Suppose -1 = -4*o - n, -2*o - 1 = 2*n - 3. Let s(l) = l**3 - l + 16. Let b be s(o). Let j = -13 + b. What are the prime factors of j?
3
Suppose n = 2, 2*t - 8 = -2*n + 8. Suppose 0 = 5*l - w - 455, -2*l = -t*l + 5*w + 364. List the prime factors of l.
7, 13
Let a = 84 + -178. Let o = a + 57. Let b = o + 77. List the prime factors of b.
2, 5
Suppose -726 - 586 = -4*z. List the prime factors of z.
2, 41
Suppose 0 = 2*h - 7*h + 100. Suppose -5*f - j + h = 0, 2*f - j + 8 = 4*f. Let g(b) = b**2 - 2*b + 1. What are the prime factors of g(f)?
3
Let x be (-4)/8*(-12)/1. Suppose 0 = a + 2*a - x. Suppose p + a = -5*h + 42, 2*p = 4*h - 32. What are the prime factors of h?
2
Suppose -4*x - 2*q + q = 19, -3*q - 9 = 0. Let c be -1*0*x/8. Suppose c = -4*r + 7 + 1. What are the prime factors of r?
2
Let j be (-53)/3*-3 - 3. Let o = 228 - 142. Let s = o - j. What are the prime factors of s?
2, 3
Let y = 527 - 342. What are the prime factors of y?
5, 37
Let t(w) = 9*w - 4. Let n(i) = -i**2 - 8*i + 6. Let b be n(-8). List the prime factors of t(b).
2, 5
Let d(g) = 10*g - 9. Let q be d(4). Let v = q - 11. Suppose y - 57 = -v. What are the prime factors of y?
37
Let b(w) = -w**3 - 5*w**2 - w - 1. Let h be b(-5). Suppose -h*f - 15 + 7 = 0. What are the prime factors of f/10 + 393/15?
2, 13
Suppose -o + 3723 = 439. What are the prime factors of o?
2, 821
Suppose 19*m + 64 = 23*m. Let j = m + 75. List the prime factors of j.
7, 13
Let h(r) = 20*r**3 - 5*r**2 + 10*r + 15. List the prime factors of h(6).
3, 5, 281
Let r(b) = 2*b + 2. Let g(t) = t + 1. Let m(w) = -5*g(w) + 3*r(w). Let l = 83 + -72. What are the prime factors of m(l)?
2, 3
Let g(b) = b**2 - b + 5. Let v(o) = o - 5. Suppose 6*m = 3*m + 36. Let l be v(m). List the prime factors of g(l).
47
List the prime factors of ((-18)/8)/((-3)/184).
2, 3, 23
Suppose n + 15 + 19 = 0. Let q = -24 - n. Suppose -7*b = -9*b + q. What are the prime factors of b?
5
Let g(k) be the first derivative of -25*k**2/2 - 22*k + 56. What are the prime factors of g(-6)?
2
Let i be ((2 - -1) + -4)*0. Let z be (3/(-3) - i)*-85. Suppose -2*a + 68 = -4*p + 7*p, 0 = -4*p + 3*a + z. What are the prime factors of p?
2, 11
Suppose 0 = 4*u + 16, 5*q - 29 = -u + 17. List the prime factors of 20*(8/10)/(4/q).
2, 5
Let d = 79 - 79. What are the prime factors of -4 + 43 + d*(1 - 2)?
3, 13
Let k(s) be the third derivative of 0 + 0*s - 1/6*s**4 - 1/2*s**3 + 5*s**2 - 1/15*s**5 - 1/30*s**6. What are the prime factors of k(-2)?
3, 7
Suppose 77*t + 21812 = 96*t. What are the prime factors of t?
2, 7, 41
Let w be (2/(-1))/(-1*(-8)/(-84)). Let h = w - -17. List the prime factors of h.
2, 19
Let b(k) = 2*k**2 - 68*k - 167. List the prime factors of b(55).
2143
Let j(r) = 7*r**2 + 25*r + 119. What are the prime factors of j(-7)?
7, 41
Suppose -4*j + 5*j = 13. Let g = 12 - j. Let d = g + 7. List the prime factors of d.
2, 3
What are the prime factors of -99 - -95 - (0 + -5747)?
5743
Suppose -5*k + 15 = 65. Let f = k - -13. Suppose -4*n - 2*y = -n - 75, -5*n - f*y = -124. List the prime factors of n.
23
Let x be 3 + -14*2/4. Let i be x/2 + (-3)/(-1). Suppose 0 = -t - i, 0 = u - 0*u - t - 51. What are the prime factors of u?
2, 5
Let t be 21/(-14)*4/(-3). What are the prime factors of t/1*(81 + (4 - 8))?
2, 7, 11
Suppose 2196 = 7*y - 6*y. What are the prime factors of (4/6)/(3*4/y)?
2, 61
Let v(y) = -5*y - 3. Let k be (-5)/(4 - (-2 - -5)). Let o be v(k). Suppose o - 78 = -2*p. What are the prime factors of p?
2, 7
Suppose 78*w - 4*f - 1216 = 77*w, f - 4949 = -4*w. List the prime factors of w.
2, 3, 103
Suppose 0 = -5*z + i - 156, 5*i + 28 = -z + 2*i. Let b = -14 - z. Suppose -3*v - 3*o = -8*o - 49, 3*o - b = -4*v. List the prime factors of v.
2
Le